[INFO] cloning repository https://github.com/callebstrom/vrinsight-cdu-ii-msfs-driver
[INFO] running `Command { std: "git" "-c" "credential.helper=" "-c" "credential.helper=/workspace/cargo-home/bin/git-credential-null" "clone" "--bare" "https://github.com/callebstrom/vrinsight-cdu-ii-msfs-driver" "/workspace/cache/git-repos/https%3A%2F%2Fgithub.com%2Fcallebstrom%2Fvrinsight-cdu-ii-msfs-driver", kill_on_drop: false }`
[INFO] [stderr] Cloning into bare repository '/workspace/cache/git-repos/https%3A%2F%2Fgithub.com%2Fcallebstrom%2Fvrinsight-cdu-ii-msfs-driver'...
[INFO] running `Command { std: "git" "rev-parse" "HEAD", kill_on_drop: false }`
[INFO] [stdout] 0ce6ecd7dab64afb4ad311cdf3cd252c59631521
[INFO] checking callebstrom/vrinsight-cdu-ii-msfs-driver against master#9610dfe5a9a731ced1ea4923ecbd0c57fe367898 for beta-170-4
[INFO] running `Command { std: "git" "clone" "/workspace/cache/git-repos/https%3A%2F%2Fgithub.com%2Fcallebstrom%2Fvrinsight-cdu-ii-msfs-driver" "/workspace/builds/worker-2-tc1/source", kill_on_drop: false }`
[INFO] [stderr] Cloning into '/workspace/builds/worker-2-tc1/source'...
[INFO] [stderr] done.
[INFO] validating manifest of git repo https://github.com/callebstrom/vrinsight-cdu-ii-msfs-driver on toolchain 9610dfe5a9a731ced1ea4923ecbd0c57fe367898
[INFO] running `Command { std: CARGO_HOME="/workspace/cargo-home" RUSTUP_HOME="/workspace/rustup-home" "/workspace/cargo-home/bin/cargo" "+9610dfe5a9a731ced1ea4923ecbd0c57fe367898" "metadata" "--manifest-path" "Cargo.toml" "--no-deps", kill_on_drop: false }`
[INFO] started tweaking git repo https://github.com/callebstrom/vrinsight-cdu-ii-msfs-driver
[INFO] finished tweaking git repo https://github.com/callebstrom/vrinsight-cdu-ii-msfs-driver
[INFO] tweaked toml for git repo https://github.com/callebstrom/vrinsight-cdu-ii-msfs-driver written to /workspace/builds/worker-2-tc1/source/Cargo.toml
[INFO] crate git repo https://github.com/callebstrom/vrinsight-cdu-ii-msfs-driver already has a lockfile, it will not be regenerated
[INFO] running `Command { std: CARGO_HOME="/workspace/cargo-home" RUSTUP_HOME="/workspace/rustup-home" "/workspace/cargo-home/bin/cargo" "+9610dfe5a9a731ced1ea4923ecbd0c57fe367898" "fetch" "--manifest-path" "Cargo.toml", kill_on_drop: false }`
[INFO] [stderr] warning: unused manifest key: target.wasm32-wasi.rustflags
[INFO] [stderr]     Updating crates.io index
[INFO] [stderr]  Downloading crates ...
[INFO] [stderr]   Downloaded typic v0.3.0
[INFO] [stderr]   Downloaded typic-derive v0.3.0
[INFO] [stderr]   Downloaded simconnect v0.1.4
[INFO] running `Command { std: "docker" "create" "-v" "/var/lib/crater-agent-workspace/builds/worker-2-tc1/target:/opt/rustwide/target:rw,Z" "-v" "/var/lib/crater-agent-workspace/builds/worker-2-tc1/source:/opt/rustwide/workdir:ro,Z" "-v" "/var/lib/crater-agent-workspace/cargo-home:/opt/rustwide/cargo-home:ro,Z" "-v" "/var/lib/crater-agent-workspace/rustup-home:/opt/rustwide/rustup-home:ro,Z" "-e" "SOURCE_DIR=/opt/rustwide/workdir" "-e" "CARGO_TARGET_DIR=/opt/rustwide/target" "-e" "CARGO_HOME=/opt/rustwide/cargo-home" "-e" "RUSTUP_HOME=/opt/rustwide/rustup-home" "-w" "/opt/rustwide/workdir" "-m" "1610612736" "--user" "0:0" "--network" "none" "ghcr.io/rust-lang/crates-build-env/linux@sha256:19e73879b68f455e41552ea35293514db52ea292d993f571636dbffedb77a1ee" "/opt/rustwide/cargo-home/bin/cargo" "+9610dfe5a9a731ced1ea4923ecbd0c57fe367898" "metadata" "--no-deps" "--format-version=1", kill_on_drop: false }`
[INFO] [stdout] 846b91d5d92471b15fc1753dbcda0648b248d101f5072bf3cef3abd53688c24b
[INFO] running `Command { std: "docker" "start" "-a" "846b91d5d92471b15fc1753dbcda0648b248d101f5072bf3cef3abd53688c24b", kill_on_drop: false }`
[INFO] running `Command { std: "docker" "inspect" "846b91d5d92471b15fc1753dbcda0648b248d101f5072bf3cef3abd53688c24b", kill_on_drop: false }`
[INFO] running `Command { std: "docker" "rm" "-f" "846b91d5d92471b15fc1753dbcda0648b248d101f5072bf3cef3abd53688c24b", kill_on_drop: false }`
[INFO] [stdout] 846b91d5d92471b15fc1753dbcda0648b248d101f5072bf3cef3abd53688c24b
[INFO] running `Command { std: "docker" "create" "-v" "/var/lib/crater-agent-workspace/builds/worker-2-tc1/target:/opt/rustwide/target:rw,Z" "-v" "/var/lib/crater-agent-workspace/builds/worker-2-tc1/source:/opt/rustwide/workdir:ro,Z" "-v" "/var/lib/crater-agent-workspace/cargo-home:/opt/rustwide/cargo-home:ro,Z" "-v" "/var/lib/crater-agent-workspace/rustup-home:/opt/rustwide/rustup-home:ro,Z" "-e" "SOURCE_DIR=/opt/rustwide/workdir" "-e" "CARGO_TARGET_DIR=/opt/rustwide/target" "-e" "CARGO_INCREMENTAL=0" "-e" "RUST_BACKTRACE=full" "-e" "RUSTFLAGS=--cap-lints=forbid" "-e" "RUSTDOCFLAGS=--cap-lints=forbid" "-e" "CARGO_HOME=/opt/rustwide/cargo-home" "-e" "RUSTUP_HOME=/opt/rustwide/rustup-home" "-w" "/opt/rustwide/workdir" "-m" "1610612736" "--user" "0:0" "--network" "none" "ghcr.io/rust-lang/crates-build-env/linux@sha256:19e73879b68f455e41552ea35293514db52ea292d993f571636dbffedb77a1ee" "/opt/rustwide/cargo-home/bin/cargo" "+9610dfe5a9a731ced1ea4923ecbd0c57fe367898" "check" "--frozen" "--all" "--all-targets" "--message-format=json", kill_on_drop: false }`
[INFO] [stdout] 7531429c590cea1256316bd7d32dff5a539ea20e2fd41cb024471422c161f332
[INFO] running `Command { std: "docker" "start" "-a" "7531429c590cea1256316bd7d32dff5a539ea20e2fd41cb024471422c161f332", kill_on_drop: false }`
[INFO] [stderr] warning: unused manifest key: target.wasm32-wasi.rustflags
[INFO] [stderr]    Compiling libc v0.2.133
[INFO] [stderr]    Compiling proc-macro2 v1.0.43
[INFO] [stderr]    Compiling quote v1.0.21
[INFO] [stderr]    Compiling unicode-ident v1.0.4
[INFO] [stderr]    Compiling memchr v2.5.0
[INFO] [stderr]    Compiling log v0.4.17
[INFO] [stderr]    Compiling glob v0.3.0
[INFO] [stderr]    Compiling nom v5.1.2
[INFO] [stderr]    Compiling syn v1.0.100
[INFO] [stderr]    Compiling unicode-width v0.1.10
[INFO] [stderr]    Compiling regex-syntax v0.6.27
[INFO] [stderr]    Compiling clang-sys v1.3.3
[INFO] [stderr]    Compiling textwrap v0.11.0
[INFO] [stderr]    Compiling libloading v0.7.3
[INFO] [stderr]    Compiling aho-corasick v0.7.19
[INFO] [stderr]    Compiling vec_map v0.8.2
[INFO] [stderr]    Compiling atty v0.2.14
[INFO] [stderr]    Compiling humantime v2.1.0
[INFO] [stderr]    Compiling termcolor v1.1.3
[INFO] [stderr]    Compiling strsim v0.8.0
[INFO] [stderr]    Compiling bitflags v1.3.2
[INFO] [stderr]    Compiling pkg-config v0.3.25
[INFO] [stderr]    Compiling ansi_term v0.12.1
[INFO] [stderr]    Compiling bindgen v0.56.0
[INFO] [stderr]    Compiling clap v2.34.0
[INFO] [stderr]    Compiling which v3.1.1
[INFO] [stderr]    Compiling regex v1.6.0
[INFO] [stderr]    Compiling libudev-sys v0.1.4
[INFO] [stderr]    Compiling peeking_take_while v0.1.2
[INFO] [stderr]    Compiling shlex v0.1.1
[INFO] [stderr]    Compiling rustc-hash v1.1.0
[INFO] [stderr]    Compiling lazycell v1.3.0
[INFO] [stderr]    Compiling serde_derive v1.0.145
[INFO] [stderr]    Compiling cexpr v0.4.0
[INFO] [stderr]    Compiling indexmap v1.9.1
[INFO] [stderr]    Compiling env_logger v0.8.4
[INFO] [stderr]    Compiling thread_local v1.0.1
[INFO] [stderr]     Checking itoa v1.0.3
[INFO] [stderr]    Compiling serde v1.0.145
[INFO] [stderr]    Compiling nix v0.14.1
[INFO] [stderr]    Compiling time-macros v0.2.4
[INFO] [stderr]     Checking hashbrown v0.12.3
[INFO] [stderr]    Compiling if_chain v1.0.2
[INFO] [stderr]     Checking num_threads v0.1.6
[INFO] [stderr]     Checking void v1.0.2
[INFO] [stderr]     Checking colored v2.0.0
[INFO] [stderr]     Checking libudev v0.2.0
[INFO] [stderr]     Checking generic-array v0.13.3
[INFO] [stderr]     Checking rand v0.4.6
[INFO] [stderr]     Checking time v0.3.14
[INFO] [stderr]     Checking unsafe-libyaml v0.2.4
[INFO] [stderr]     Checking ryu v1.0.11
[INFO] [stderr]     Checking simple_logger v2.3.0
[INFO] [stderr]     Checking rand v0.3.23
[INFO] [stderr]     Checking serialport v3.3.0
[INFO] [stderr]    Compiling typic-derive v0.3.0
[INFO] [stderr]    Compiling simconnect v0.1.4
[INFO] [stderr]     Checking typic v0.3.0
[INFO] [stderr] error: failed to run custom build command for `simconnect v0.1.4`
[INFO] [stderr] note: To improve backtraces for build dependencies, set the CARGO_PROFILE_DEV_BUILD_OVERRIDE_DEBUG=true environment variable to enable debug information generation.
[INFO] [stderr] 
[INFO] [stderr] Caused by:
[INFO] [stderr]   process didn't exit successfully: `/opt/rustwide/target/debug/build/simconnect-25cf81e35845f797/build-script-build` (exit status: 101)
[INFO] [stderr]   --- stdout
[INFO] [stderr]   cargo:rustc-link-search=libsrc/lib
[INFO] [stderr]   cargo:rustc-link-lib=static=SimConnect
[INFO] [stderr] 
[INFO] [stderr]   --- stderr
[INFO] [stderr]   libsrc/include/SimConnect.hpp:7:10: fatal error: 'Windows.h' file not found
[INFO] [stderr]   libsrc/include/SimConnect.hpp:7:10: fatal error: 'Windows.h' file not found, err: true
[INFO] [stderr]   thread 'main' panicked at 'Unable to generate bindings: ()', /opt/rustwide/cargo-home/registry/src/index.crates.io-6f17d22bba15001f/simconnect-0.1.4/build.rs:200:10
[INFO] [stderr]   stack backtrace:
[INFO] [stderr]      0:     0x55fdb99fc081 - std::backtrace_rs::backtrace::libunwind::trace::h036e87df56fc4b9d
[INFO] [stderr]                                  at /rustc/9610dfe5a9a731ced1ea4923ecbd0c57fe367898/library/std/src/../../backtrace/src/backtrace/libunwind.rs:93:5
[INFO] [stderr]      1:     0x55fdb99fc081 - std::backtrace_rs::backtrace::trace_unsynchronized::hd61eb2dbd6ae476a
[INFO] [stderr]                                  at /rustc/9610dfe5a9a731ced1ea4923ecbd0c57fe367898/library/std/src/../../backtrace/src/backtrace/mod.rs:66:5
[INFO] [stderr]      2:     0x55fdb99fc081 - std::sys_common::backtrace::_print_fmt::h00c50d0875db23c9
[INFO] [stderr]                                  at /rustc/9610dfe5a9a731ced1ea4923ecbd0c57fe367898/library/std/src/sys_common/backtrace.rs:65:5
[INFO] [stderr]      3:     0x55fdb99fc081 - <std::sys_common::backtrace::_print::DisplayBacktrace as core::fmt::Display>::fmt::h63195ab2dde77ccc
[INFO] [stderr]                                  at /rustc/9610dfe5a9a731ced1ea4923ecbd0c57fe367898/library/std/src/sys_common/backtrace.rs:44:22
[INFO] [stderr]      4:     0x55fdb9a2272f - core::fmt::rt::Argument::fmt::h83f4110348c688f4
[INFO] [stderr]                                  at /rustc/9610dfe5a9a731ced1ea4923ecbd0c57fe367898/library/core/src/fmt/rt.rs:138:9
[INFO] [stderr]      5:     0x55fdb9a2272f - core::fmt::write::h509367dd365f983a
[INFO] [stderr]                                  at /rustc/9610dfe5a9a731ced1ea4923ecbd0c57fe367898/library/core/src/fmt/mod.rs:1094:21
[INFO] [stderr]      6:     0x55fdb99f9701 - std::io::Write::write_fmt::h8e60bfebdaabfee5
[INFO] [stderr]                                  at /rustc/9610dfe5a9a731ced1ea4923ecbd0c57fe367898/library/std/src/io/mod.rs:1713:15
[INFO] [stderr]      7:     0x55fdb99fbe95 - std::sys_common::backtrace::_print::h96e550016098cde6
[INFO] [stderr]                                  at /rustc/9610dfe5a9a731ced1ea4923ecbd0c57fe367898/library/std/src/sys_common/backtrace.rs:47:5
[INFO] [stderr]      8:     0x55fdb99fbe95 - std::sys_common::backtrace::print::h7a049611b153a02e
[INFO] [stderr]                                  at /rustc/9610dfe5a9a731ced1ea4923ecbd0c57fe367898/library/std/src/sys_common/backtrace.rs:34:9
[INFO] [stderr]      9:     0x55fdb99fd337 - std::panicking::default_hook::{{closure}}::h1b023d46676794c4
[INFO] [stderr]     10:     0x55fdb99fd124 - std::panicking::default_hook::hea2961dabcf68e83
[INFO] [stderr]                                  at /rustc/9610dfe5a9a731ced1ea4923ecbd0c57fe367898/library/std/src/panicking.rs:288:9
[INFO] [stderr]     11:     0x55fdb99fd7ec - std::panicking::rust_panic_with_hook::h4285c91a8168b001
[INFO] [stderr]                                  at /rustc/9610dfe5a9a731ced1ea4923ecbd0c57fe367898/library/std/src/panicking.rs:705:13
[INFO] [stderr]     12:     0x55fdb99fd6e7 - std::panicking::begin_panic_handler::{{closure}}::h6ebd0d46f0c6b010
[INFO] [stderr]                                  at /rustc/9610dfe5a9a731ced1ea4923ecbd0c57fe367898/library/std/src/panicking.rs:597:13
[INFO] [stderr]     13:     0x55fdb99fc4b6 - std::sys_common::backtrace::__rust_end_short_backtrace::h92042d128576b63a
[INFO] [stderr]                                  at /rustc/9610dfe5a9a731ced1ea4923ecbd0c57fe367898/library/std/src/sys_common/backtrace.rs:151:18
[INFO] [stderr]     14:     0x55fdb99fd432 - rust_begin_unwind
[INFO] [stderr]                                  at /rustc/9610dfe5a9a731ced1ea4923ecbd0c57fe367898/library/std/src/panicking.rs:593:5
[INFO] [stderr]     15:     0x55fdb9602343 - core::panicking::panic_fmt::h65404fc8061ee73a
[INFO] [stderr]                                  at /rustc/9610dfe5a9a731ced1ea4923ecbd0c57fe367898/library/core/src/panicking.rs:67:14
[INFO] [stderr]     16:     0x55fdb96028d3 - core::result::unwrap_failed::h32fb969d6bae75cc
[INFO] [stderr]                                  at /rustc/9610dfe5a9a731ced1ea4923ecbd0c57fe367898/library/core/src/result.rs:1651:5
[INFO] [stderr]     17:     0x55fdb960369a - core::result::Result<T,E>::expect::h516ebec7295da980
[INFO] [stderr]     18:     0x55fdb9606347 - build_script_build::main::ha65ac72790252301
[INFO] [stderr]     19:     0x55fdb96038b3 - core::ops::function::FnOnce::call_once::h6b25ec8862f947a0
[INFO] [stderr]     20:     0x55fdb9603896 - std::sys_common::backtrace::__rust_begin_short_backtrace::h3a6007fec90b536d
[INFO] [stderr]     21:     0x55fdb9603609 - std::rt::lang_start::{{closure}}::hb3951b7d3f0e15ab
[INFO] [stderr]     22:     0x55fdb99f5855 - core::ops::function::impls::<impl core::ops::function::FnOnce<A> for &F>::call_once::h49ef85a8a8d45198
[INFO] [stderr]                                  at /rustc/9610dfe5a9a731ced1ea4923ecbd0c57fe367898/library/core/src/ops/function.rs:284:13
[INFO] [stderr]     23:     0x55fdb99f5855 - std::panicking::try::do_call::ha1def14af693a135
[INFO] [stderr]                                  at /rustc/9610dfe5a9a731ced1ea4923ecbd0c57fe367898/library/std/src/panicking.rs:500:40
[INFO] [stderr]     24:     0x55fdb99f5855 - std::panicking::try::haa3dc2a1139932e2
[INFO] [stderr]                                  at /rustc/9610dfe5a9a731ced1ea4923ecbd0c57fe367898/library/std/src/panicking.rs:464:19
[INFO] [stderr]     25:     0x55fdb99f5855 - std::panic::catch_unwind::h9d9cbebaf9f15c67
[INFO] [stderr]                                  at /rustc/9610dfe5a9a731ced1ea4923ecbd0c57fe367898/library/std/src/panic.rs:142:14
[INFO] [stderr]     26:     0x55fdb99f5855 - std::rt::lang_start_internal::{{closure}}::hf660a772669a69cc
[INFO] [stderr]                                  at /rustc/9610dfe5a9a731ced1ea4923ecbd0c57fe367898/library/std/src/rt.rs:148:48
[INFO] [stderr]     27:     0x55fdb99f5855 - std::panicking::try::do_call::hb1c34715bb9b1c46
[INFO] [stderr]                                  at /rustc/9610dfe5a9a731ced1ea4923ecbd0c57fe367898/library/std/src/panicking.rs:500:40
[INFO] [stderr]     28:     0x55fdb99f5855 - std::panicking::try::h499866fd990da8f1
[INFO] [stderr]                                  at /rustc/9610dfe5a9a731ced1ea4923ecbd0c57fe367898/library/std/src/panicking.rs:464:19
[INFO] [stderr]     29:     0x55fdb99f5855 - std::panic::catch_unwind::hac1ffec55b72e7bc
[INFO] [stderr]                                  at /rustc/9610dfe5a9a731ced1ea4923ecbd0c57fe367898/library/std/src/panic.rs:142:14
[INFO] [stderr]     30:     0x55fdb99f5855 - std::rt::lang_start_internal::h0fecf91cd579e7b6
[INFO] [stderr]                                  at /rustc/9610dfe5a9a731ced1ea4923ecbd0c57fe367898/library/std/src/rt.rs:148:20
[INFO] [stderr]     31:     0x55fdb96035e7 - std::rt::lang_start::hc1c1012d09865735
[INFO] [stderr]     32:     0x55fdb96064e5 - main
[INFO] [stderr]     33:     0x7f27f6b62d90 - <unknown>
[INFO] [stderr]     34:     0x7f27f6b62e40 - __libc_start_main
[INFO] [stderr]     35:     0x55fdb9602bd5 - _start
[INFO] [stderr]     36:                0x0 - <unknown>
[INFO] [stderr] warning: build failed, waiting for other jobs to finish...
[INFO] running `Command { std: "docker" "inspect" "7531429c590cea1256316bd7d32dff5a539ea20e2fd41cb024471422c161f332", kill_on_drop: false }`
[INFO] running `Command { std: "docker" "rm" "-f" "7531429c590cea1256316bd7d32dff5a539ea20e2fd41cb024471422c161f332", kill_on_drop: false }`
[INFO] [stdout] 7531429c590cea1256316bd7d32dff5a539ea20e2fd41cb024471422c161f332
